{"id":71,"date":"2014-12-09T21:14:50","date_gmt":"2014-12-09T21:14:50","guid":{"rendered":"http:\/\/www.hausaerzte-lindenhof.de\/wp\/?page_id=71"},"modified":"2026-03-16T11:48:35","modified_gmt":"2026-03-16T11:48:35","slug":"laboruntersuchungen","status":"publish","type":"page","link":"http:\/\/www.hausaerzte-lindenhof.de\/?page_id=71","title":{"rendered":"Laboruntersuchungen"},"content":{"rendered":"<p>Wir verf\u00fcgen \u00fcber ein zertifiziertes Akutlabor (insbesondere f\u00fcr Notf\u00e4lle), sowie \u00fcber die M\u00f6glichkeit, alle Arten von Laborparametern (auch Speziallabor) zu bestimmen.<\/p>\n<p>In der Regel werden Labortermine zwischen 8.00 Uhr und 10.00 Uhr montags bis freitags vergeben. Montag, Dienstag, Mittwoch und auch am Donnerstag k\u00f6nnen Blutentnahmen am Nachmittag durchgef\u00fcrht werden. In allen F\u00e4llen ist es notwendig, vorab mit den \u00c4rzten \u00fcber die Art der Laborwerte zu sprechen.<\/p>\n<p>Zur geplanten Blutabnahme am Morgen kommen sie bitte n\u00fcchtern ( Wasser oder Tee geht nat\u00fcrlich!) und nehmen sie ihre regelm\u00e4\u00dfigen Medikamente wie gewohnt ein. Die Schilddr\u00fcsenmedikation sollte erst nach der Blutabnahme genommen werden.<\/p>\n","protected":false},"excerpt":{"rendered":"<p>Wir verf\u00fcgen \u00fcber ein zertifiziertes Akutlabor (insbesondere f\u00fcr Notf\u00e4lle), sowie \u00fcber die M\u00f6glichkeit, alle Arten von Laborparametern (auch Speziallabor) zu bestimmen. In der Regel werden Labortermine zwischen 8.00 Uhr und 10.00 Uhr montags bis freitags vergeben. Montag, Dienstag, Mittwoch und auch am Donnerstag k\u00f6nnen Blutentnahmen am Nachmittag durchgef\u00fcrht werden. In allen F\u00e4llen ist es notwendig, [&hellip;]<\/p>\n","protected":false},"author":3,"featured_media":0,"parent":12,"menu_order":0,"comment_status":"open","ping_status":"open","template":"","meta":{"footnotes":""},"class_list":["post-71","page","type-page","status-publish","hentry"],"_links":{"self":[{"href":"http:\/\/www.hausaerzte-lindenhof.de\/index.php?rest_route=\/wp\/v2\/pages\/71","targetHints":{"allow":["GET"]}}],"collection":[{"href":"http:\/\/www.hausaerzte-lindenhof.de\/index.php?rest_route=\/wp\/v2\/pages"}],"about":[{"href":"http:\/\/www.hausaerzte-lindenhof.de\/index.php?rest_route=\/wp\/v2\/types\/page"}],"author":[{"embeddable":true,"href":"http:\/\/www.hausaerzte-lindenhof.de\/index.php?rest_route=\/wp\/v2\/users\/3"}],"replies":[{"embeddable":true,"href":"http:\/\/www.hausaerzte-lindenhof.de\/index.php?rest_route=%2Fwp%2Fv2%2Fcomments&post=71"}],"version-history":[{"count":11,"href":"http:\/\/www.hausaerzte-lindenhof.de\/index.php?rest_route=\/wp\/v2\/pages\/71\/revisions"}],"predecessor-version":[{"id":611,"href":"http:\/\/www.hausaerzte-lindenhof.de\/index.php?rest_route=\/wp\/v2\/pages\/71\/revisions\/611"}],"up":[{"embeddable":true,"href":"http:\/\/www.hausaerzte-lindenhof.de\/index.php?rest_route=\/wp\/v2\/pages\/12"}],"wp:attachment":[{"href":"http:\/\/www.hausaerzte-lindenhof.de\/index.php?rest_route=%2Fwp%2Fv2%2Fmedia&parent=71"}],"curies":[{"name":"wp","href":"https:\/\/api.w.org\/{rel}","templated":true}]}}